 - 13/(-8)). Calculate the remainder when 1/(2/54 - 0) is divided by (6 + 0)*(-10)/b.
12
Calculate the remainder when (-1681)/(-9) - (280/36 + -8) is divided by 49.
40
Suppose 5*i = -4*x + 364, -5*x - 78 + 574 = -4*i. Let n = x + -81. What is the remainder when 101 is divided by n?
11
What is the remainder when 1 - -3*820/15 is divided by 33?
0
Suppose -3*o - 4 = 2*b + o, -4*b - 2*o + 16 = 0. Suppose 0 = 7*c - b*c - 15. Calculate the remainder when 118 is divided by c.
13
Let f = -77 + 212. Suppose f = 7*k - 2*k. Suppose -4*z = 3*y - 58, 3*y - 8*y = z - 74. What is the remainder when k is divided by y?
13
Suppose 2*k + 364 = 9*k. Let x = -40 + k. What is the remainder when 22 is divided by x?
10
Let k = -579 - -960. What is the remainder when k is divided by 8?
5
Suppose 0 = 8*v - 693 + 333. Calculate the remainder when 46 is divided by v.
1
Suppose 209 = h + 43. What is the remainder when h is divided by 29?
21
Suppose -b = 2*b - 15. Suppose -b*w + 6*w - 6 = 0. Calculate the remainder when 2 + -2 + 18 + -19 + 22 is divided by w.
3
Let f be (1 - (-3 + 6)) + -2. Let k(o) = -2*o - 6. What is the remainder when 3 is divided by k(f)?
1
Suppose o + r + 12 = 102, o - 4*r = 90. Suppose 6*a - 8*a + o = 0. What is the remainder when a is divided by 16?
13
Let y(x) = -2*x**3 - 4*x**2 - 7*x - 8. Calculate the remainder when y(-5) is divided by 45.
42
What is the remainder when 28380/198*1/((-1)/(-3)) is divided by 64?
46
Let u(b) be the first derivative of -b**2/2 + 10*b + 7. Let y be u(-6). Suppose 0 = 5*d - 46 + y. Calculate the remainder when d is divided by 2.
0
Suppose -4*s = -4*p + 172, 0 = -2*p - 3*p + 3*s + 215. What is the remainder when p is divided by 0 + 21 - (2 + (-39)/(-13))?
11
Let f = 44 - 26. Suppose -f + 46 = 2*x. Let u(r) = r**3 + 6*r**2 - 6*r. What is the remainder when u(-5) is divided by x?
13
Let g = -8 + 12. Suppose 4*b - 1 + 5 = g*q, -5*q + 2*b + 17 = 0. Suppose -59 = -q*a + 41. What is the remainder when 58 is divided by a?
18
Let v = -798 + 815. Calculate the remainder when (-2)/8 - (-201)/4 is divided by v.
16
Suppose -4 = 3*n + 5*t, 5*n + 4*t = -0*t + 2. Let x(u) = 4*u - 2. What is the remainder when 21 is divided by x(n)?
3
Let u(y) = -y**3 + 6*y**2 + 4*y + 2. What is the remainder when 131 is divided by u(-3)?
60
Suppose 1771 - 21082 = -41*k. Calculate the remainder when k is divided by 28.
23
Let b(j) = -2*j**2 + 25*j - 3. Calculate the remainder when b(8) is divided by 44.
25
Suppose -42 = -23*v + 22*v - i, 0 = 2*i. Let g(w) = -w**3 + 7*w**2 - 5*w + 5. Calculate the remainder when v is divided by g(6).
9
Suppose -l + 6*l = 55. What is the remainder when (-10 + 11)*(-2 + 165) is divided by l?
9
What is the remainder when 171 is divided by (4 + (-66)/15)*(2 - 187)?
23
Suppose -37*y + 15243 + 86285 = 0. Calculate the remainder when y is divided by 41.
38
Let m(u) = -15*u. Let o be m(3). Let p = o - -63. What is the remainder when p is divided by 3/9*15 - -5?
8
Suppose 0 = 5*h - 187 - 78. What is the remainder when h is divided by 8 + (3 - (-7)/((-21)/(-9)))?
11
Suppose -3*w = -u - 69, -4*w + 3*u = 22 - 114. Suppose 5*o = 17*o + 96. What is the remainder when ((-44)/10)/(o/120) is divided by w?
20
Suppose -3*d = -d - 4*v, 0 = 5*v + 15. Let x be (17 - 2)*2/d. Let i(p) = p**2 + 3*p + 4. What is the remainder when 55 is divided by i(x)?
13
Let y = 34 - 1. Let b = -110 - -115. What is the remainder when y is divided by b?
3
Suppose 3*p = -k - 9 + 36, -2*k + 29 = p. Calculate the remainder when 58 is divided by (2 + k/4)/(2/6).
13
Suppose -4*p = 0, -7*p = -4*m - 3*p - 12. Let s = m - -16. What is the remainder when s is divided by (14/(-4))/(1 + (-21)/14)?
6
What is the remainder when 1038/8 - 63/84 is divided by 45?
39
Let j = 733 + -696. Calculate the remainder when 369 is divided by j.
36
Let o = -14 - -15. Calculate the remainder when (0 - o) + 69 + -2 is divided by 17.
15
Let v(c) = 63 + 3*c**3 + 11*c**2 - 4*c**3 - 2*c - 12*c**2. Calculate the remainder when v(0) is divided by 22.
19
Let w be ((-16)/(-2))/((-3)/(-12)). What is the remainder when (-1)/4 - 246/(-24) is divided by 12/(-9)*(-72)/w?
1
Let r(b) = 5*b**3 - 4*b**2 - 2. Suppose a + 4*a = 15. Let m be r(a). Suppose -5*o + m = 2. What is the remainder when o is divided by 5?
4
Suppose 45*s + 4064 = 77*s. What is the remainder when s is divided by 12?
7
Let g = 26 + -80. Suppose -2*t + 90 = 3*t. What is the remainder when (-9)/(g/(-60))*-7 is divided by t?
16
Let z(m) = 8*m**2 + 6*m - 7. Let n = -307 - -487. What is the remainder when n is divided by z(-2)?
11
Let u = 7 + -3. Suppose p + 4*n - 25 = -5, u*p - 4*n = -20. Suppose -d = -p*d - 78. Calculate the remainder when d is divided by 27.
24
Suppose -29 = r + 5*p, 2*p = 2*r + 52 + 66. Calculate the remainder when 35/3 + 36/r is divided by 3.
2
Suppose -25 = -0*g - 5*g. Suppose 125 = -9*i + 206. Calculate the remainder when i is divided by g.
4
Let w(l) = -2*l**3 - 4*l**2. Let i be w(-4). Suppose -i + 1 = -3*p. Let j = 37 - p. What is the remainder when 62 is divided by j?
14
Suppose -y = 112 + 68. Calculate the remainder when 8/2 + (16 - -7) is divided by ((-6)/4)/(27/y).
7
Let i(j) = -j**2 - 37*j - 84. Calculate the remainder when i(-32) is divided by 32.
12
Let c(m) = -6*m - 65. Suppose 0 = 4*y - 4*l + 44 + 8, -3*y + 2*l - 40 = 0. Calculate the remainder when 75 is divided by c(y).
18
Suppose -5*x = m - 12, 0 = -3*m - 4*x - 18 - 1. Let z(v) = -v**3 - 11*v**2 + 16*v - 28. What is the remainder when z(m) is divided by 26?
24
Suppose 0*p + 3*l - 50 = -2*p, -4*l + 96 = 4*p. Suppose 36*s - 40*s = -336. What is the remainder when s is divided by p?
18
Suppose 0 = 2*b + b. Suppose 7 = -v + 2*v. Suppose b = -v*o + 4*o + 45. What is the remainder when 44 is divided by o?
14
Suppose -z + 4*n = 7*n - 199, -6 = 3*n. What is the remainder when z is divided by 9?
7
Let o be 4 + -3 + 5 + -2. Suppose o*l - 3*r = 47, -3*l + 10 = 4*r - 44. Calculate the remainder when 25 is divided by l.
11
Let j be (3/(-2))/((-2)/20). Let r = j + -2. Let i(y) = y**3 - 24*y**2 + 87*y - 89. Calculate the remainder when i(20) is divided by r.
12
Suppose 121 = 2*p - 99*w + 102*w, 0 = -2*w + 10. Calculate the remainder when 84 is divided by p.
31
Let w be (-188)/20 - 2/(-5). Calculate the remainder when -7 - -7 - (1 + -18) is divided by (5 + -4)*-4 - w.
2
Suppose 3*s = -117 - 144. Let n = -62 - s. Suppose -18 + 166 = 2*l. Calculate the remainder when l is divided by n.
24
Suppose -2*q - 9 = 3*h, -4*h - 29 = 2*q - 5*h. Let v(d) = d**3 + 35*d**2 + 122*d - 36. Calculate the remainder when v(-31) is divided by ((-3)/4)/(1/q).
8
Let w(a) = -3*a + 26. Let n be 2/(-5) - (-14)/10. Let p = n + 30. Calculate the remainder when p is divided by w(5).
9
Let y(s) = -s**2 - 14*s + 1. Calculate the remainder when y(-12) is divided by (0/(-2))/1 - -15.
10
Suppose -x - f = -2 + 25, 4*x = -3*f - 88. Let z = x - -29. What is the remainder when 18 is divided by z?
8
Suppose 0 = 7*z - 354 + 18. Calculate the remainder when 143 is divided by z.
47
Let n = 29 + -18. Let v be (-2)/1 - (-2)/1. Suppose 0 = -v*w - 2*w + 14. What is the remainder when n is divided by w?
4
Suppose -3*t - 4*z = -85, 76 = 3*t - 4*z + 23. Suppose -3*n = -0*n - 132. What is the remainder when n is divided by t?
21
Suppose 5*j - 22 - 18 = 0. Let k be (-9)/(45/(-10)) + 73. Suppose -6*d + 11*d = k. Calculate the remainder when d is divided by j.
7
Let r(v) = -v**2 + 14*v - 39. Let n be r(9). What is the remainder when (n + -4 + 2)*(-621)/(-18) is divided by 28?
26
Let h = -36 - -69. Let o = -18 + h. What is the remainder when o is divided by 4?
3
Let a be 22/10 + 5/(-25). Suppose -2*x + 3*p + 28 = -32, -8 = a*p. What is the remainder when (94/(-8))/(3/(-12)) is divided by x?
23
Let f = 306 + -6. Calculate the remainder when f is divided by 19.
15
Let c(o) = 20*o - 31. Let l be c(6). Let x = l - 32. Calculate the remainder when x is divided by 15.
12
Let a be 6016/18 + 9/(243/(-6)). Suppose -5*v = -a - 386. What is the remainder when v is divided by 37?
33
Suppose 4*d + 0*d - 8 = 0. Suppose -d*z = -3*z + 11. Let r = -26 + 67. What is the remainder when r is divided by z?
8
Calculate the remainder when 45 is divided by (-6)/5 - (-4343)/215.
7
Suppose -5*r - g + 384 = -r, -4*g = 16. Calculate the remainder